*f + 3*p = -v*f - 4542. Is f prime?
False
Let j be (6/(-1))/((-45)/30). Suppose 99*t + 8724 = 102*t. Suppose -j*r + 5*q = -t - 3232, 4605 = 3*r + 5*q. Is r composite?
True
Let j = 27832 - 18647. Suppose 98*d = 103*d - j. Is d composite?
True
Let a(d) = -4*d + 22*d**3 + 4*d**2 - 21*d**3 + 12 - 5. Let u be a(-5). Suppose w + u*w = 5*c - 120, 1 = c + 4*w. Is c composite?
True
Let o(z) = -13*z + 160. Let q be o(16). Let c(u) = 16*u**2 + 386*u - 35. Is c(q) a composite number?
False
Let m(n) = 1886*n**3 + 20*n**2 + 3*n + 1. Is m(4) composite?
True
Suppose -502 = -2*r + x + 5086, -5*r - 3*x = -13948. Let z = 4257 - r. Is z prime?
False
Let z = -169 - -169. Suppose 0 = -r - 2*r - 4*c + 22703, z = 4*c - 20. Is r composite?
False
Let w be (-2 - -3 - -7)*122. Suppose -3*y - 465 = -3*c, 2*c + 310 = 4*c + 5*y. Suppose -2*u + 5*p + w = c, -4 = -4*p. Is u prime?
False
Suppose 2*v - 128*f = -126*f + 405314, -3*v + 608023 = 10*f. Is v a prime number?
True
Let z = 360 - 348. Suppose -8*h = -i - z*h + 18515, -3*i + 55494 = -5*h. Is i a composite number?
False
Is (-47)/(2585/(-16683832)) + 14/(-10) a prime number?
True
Is (45/5 + 2 - -2)*65535 - 2 composite?
False
Let n(u) = -143001*u + 2156. Is n(-1) a composite number?
True
Suppose -9*u - 47 - 7 = 0. Let x(d) = -d**3 - d**2 + 15*d + 16. Let h be x(u). Suppose -791 - h = -3*g. Is g composite?
True
Let r(v) = 83*v**2 + 3*v - 5. Suppose -2*b + 3*b - 5*u + 19 = 0, -5*u = -5*b - 35. Let f be r(b). Let o = f - 616. Is o prime?
False
Suppose 5*i + 284*y = 280*y + 2444747, -2*y = -6. Is i a prime number?
True
Suppose 0 = 2*o - 0*o. Suppose o*y + 387 = y. Let v = 809 - y. Is v a prime number?
False
Let u = 69322 - 15985. Let j = u - 21008. Suppose 12*v - j = v. Is v composite?
False
Let t(d) = -3*d - 22. Let y be t(-9). Suppose y*c - 3236 = 9669. Is c prime?
False
Suppose 3*q + 3 = 0, 15633 = -5*x + 3*x - q. Let k = x + 11019. Is k a composite number?
False
Suppose 149848 + 2276 = 21*r. Is ((-3)/((-48)/r))/((-2)/(-8)) a prime number?
True
Suppose 0 = 997*g - 1018*g + 759234. Is g prime?
False
Suppose w - 3*z = 27605, 0 = 79*w - 77*w - 5*z - 55212. Is w a composite number?
False
Suppose 241*n - 235*n = 399366. Suppose -83*t = -94*t + n. Is t a composite number?
True
Suppose 9*y + 0*y = 0. Suppose y = -83*r + 78*r + 12620. Is (-3)/2*r/(-6) composite?
False
Let u(r) = 444*r - 26. Let y be u(-5). Let i = y - -5679. Is i a composite number?
False
Let j = -30053 + 103152. Is j a composite number?
True
Suppose -2*i - 335 = u + 249, -3*u + 6 = 0. Let o = 360 - i. Is o a prime number?
True
Let j = 125 + -125. Suppose -3*x + 16*y - 12*y + 146249 = j, -3*y + 48754 = x. Is x a composite number?
False
Suppose 0 = 3*f + 5*m - 29328, -48849 = 34*f - 39*f + 2*m. Is f a composite number?
True
Let f(q) = -627*q - 10. Suppose -7 = a - 4*z, -5*a - 35 = -0*a - 4*z. Is f(a) composite?
True
Suppose 4*s + 10*d - 17 = 5*d, 5*s - 34 = -2*d. Is ((-34284)/(-15))/(s/20) a prime number?
False
Suppose -x + 1 = -0. Let y be x + (-1 + 0)*-4479. Suppose -y = -8*c + 3192. Is c a prime number?
False
Let x(o) = -2*o**3 - 6*o**2 - 22*o - 19. Let l(k) = k**3 - 2*k + 1. Let i(p) = -3*l(p) - x(p). Is i(-15) prime?
False
Suppose 38837*j - 38824*j = 342641. Is j prime?
True
Suppose 2*x - 3*i + 3 = -8, -21 = 5*x - i. Let o be x/(1 + 1)*(48 - 1030). Suppose o = 5*m - 5061. Is m a prime number?
False
Suppose -92 = 2*p - 12. Let u = 42 + p. Is (2/(-2))/((-4906)/(-2454) - u) composite?
True
Suppose -4*w + 245731 = -u, -3*w = -u - 89218 - 95080. Is w composite?
True
Let h(i) = 46*i + 328*i + 8*i + 23. Is h(2) a prime number?
True
Let l be 36/(-20) - -2 - (-38)/10. Is 2/l*(4 + (-17154)/(-3)) prime?
True
Suppose -561*w = -552*w - 1791369. Is w a prime number?
False
Let n(g) = 2*g**2 + 7*g + 9. Let v be n(-2). Suppose -v*b + 7 = i + 3*i, -4*b = -20. Is (6/4 - (-5)/i)*-521 composite?
False
Let y = -102948 + 220433. Is y prime?
False
Suppose -27 = c - 28. Is ((-3770)/(-45) - c) + (-4)/(-18) composite?
False
Let q(o) = 109*o**2 - 112*o + 65. Is q(16) a prime number?
True
Let t = 279665 - 195064. Is t composite?
True
Let c(w) = -w**2 + 26*w - 23. Let v be c(25). Is (-84)/(-35) - v/5 - -7415 a prime number?
True
Let c = 539 + -536. Suppose 2*m - c*z - 41539 = 0, z + 0 - 1 = 0. Is m a composite number?
False
Let f(n) = -4*n + 50. Let l = -81 - -92. Let z be f(l). Is (-11370)/(-21) - z/14 a prime number?
True
Let o(h) be the second derivative of 10*h**3/3 - 7*h**2/2 - 22*h. Let l(w) = w - 1. Let v(b) = -4*l(b) - o(b). Is v(-5) a prime number?
True
Suppose -20*v - 9 = -23*v. Suppose -2*j - 164 = -a, -57 = -2*j + v*a - 229. Let x = j + 239. Is x a prime number?
False
Is (-21)/147 + ((-1458834)/(-21))/2 + 1 prime?
False
Is 390958 + ((-2)/8)/(4389/(-220) - -20) a prime number?
True
Let l be ((-12)/15)/(26/(-390)). Suppose 25*t + 2879 = 26*t - 2*y, 3*y = l. Is t a composite number?
False
Suppose 5*w - 50701 = -x, 0 = -5*x - 36*w + 35*w + 253361. Is x a prime number?
True
Is -5 - (-1 + 2 - -1 - 12710) a prime number?
True
Suppose 8*u + 2*j + 735826 = 10*u, 0 = u + 3*j - 367937. Is u composite?
True
Let y = 9093 - 5297. Suppose -2*x + y = 438. Is x a composite number?
True
Let j(w) = w**2 + 11*w - 6. Let n be j(-11). Let z be -3 + (11 - (-3 - n)). Suppose z*d - 4*g - 107 = 0, -2*d + 7*d - 5*g = 110. Is d prime?
True
Let j = 186 + -118. Let z = -107 + j. Let k = 188 + z. Is k a composite number?
False
Let m(o) = -45*o - 7. Let t be m(-4). Let k = 195 - t. Is k prime?
False
Let x(v) = -33*v**3 + 5*v**2 - 21*v - 9. Let l be x(7). Let g = l - -17853. Is g a prime number?
False
Suppose 4*k + 3*o = -889 + 5564, -2*k + 2305 = -5*o. Suppose -k = -2*g + 8*a - 11*a, 12 = -4*a. Is g prime?
True
Suppose -165*m + 37649360 = -85*m. Is m a prime number?
False
Let l(x) = x**3 - 8*x**2 + 7*x. Let y be l(7). Let d be (-2)/4*y/2. Suppose 4*q + 5*f - 1344 = 0, 3*q + d*q + f = 997. Is q a prime number?
True
Let f = -6094 - -11100. Is f composite?
True
Suppose m - 1502295 = -2*d, 4*m = 9*m + d - 7511538. Is m prime?
True
Suppose -19*y - 52938 = -53*y. Let q = y - -3004. Is q a prime number?
True
Let l(w) be the second derivative of 7*w**4/4 + 11*w**3/3 - 41*w**2 - 11*w - 2. Is l(-18) prime?
False
Suppose 24*s = 71201 + 639847. Suppose -4*h + s = r, 23183 = 3*r - 4*h - 65682. Is r prime?
False
Let t be (9 - (-96)/(-10)) + (-4)/10. Let a(c) = -144*c**3 + 3*c**2 + 5*c + 3. Is a(t) a prime number?
False
Suppose -6 = -2*i, -3*i = 2*v - 5*i - 592. Let t = 218 + v. Is t a prime number?
False
Is (715/429 - (-1384432)/3)*1 a prime number?
True
Let w be (2 - 27/6)*(-48)/40. Let r(q) = 118*q + 28. Is r(w) a composite number?
True
Suppose 5*n - 5*n = -9*n + 8958501. Is n a prime number?
False
Let m = -49601 + 71790. Is m composite?
False
Suppose 119*u + 5*a + 338214 = 121*u, 507321 = 3*u + 2*a. Is u a composite number?
True
Is 1491014/8 - 53/(-212) a composite number?
False
Let g(k) = -2*k**3 + 2*k**2 - 2. Let x be g(-1). Let i = 0 + x. Is 1879/i + (-5)/30*-9 prime?
True
Let v = -58 + 70. Suppose -n + 5*j = v, 0 = -8*n + 5*n - 5*j + 4. Is (-3)/(18/(-1072)) + n/3 a composite number?
True
Suppose 21619 = -118*r + 419892 - 52415. Is r a composite number?
True
Let g(b) = 230*b - 136. Let q(m) = -4*m - 1. Let p(h) = -g(h) - 3*q(h). Is p(-15) composite?
True
Let h(m) = m + 13. Let n be h(-5). Suppose 5*f - n = f. Suppose -f*z = 3*z + 5*y - 2375, 0 = -4*y + 8. Is z composite?
True
Suppose -15 + 151 = 17*c. Suppose -4087 = c*y - 16383. Is y composite?
True
Let q(x) = 2*x**3 + 30*x**2 + 7. Suppose -5*v = -5*a + 2*a + 50, -5*v = -4*a + 70. Is q(a) a composite number?
True
Let h(l) = l**3 - 2*l**2 - 6*l + 5. Let k be h(0). Suppose 4*d - 54835 = -k*t, -d - 15213 = -2*t + 6721. Is t a prime number?
False
Let y(k) = -6143*k + 2523. Is y(-10) composite?
True
Is (-88)/(-66)*(6174609/4)/7 composite?
False
Let m = -12425 - -69762. Is m a composite number?
True
Let k be (-33968)/40*(3 + 38*-1). Suppose -35*g + k = -13*g. Is g composite?
True
Let t(c) = 3*c**2 - 6*c + 8. Let l be t(2). Is ((-132300)/(-8))/5 + 12/l composite?
True
Let g(n) be the second derivative of n**4/12 - 3*n**3/2 + 8*n**2 + 4*n. Let p be g(5). Is (p - 21/(-6))*-762 a prime number?
False
Let b = 293238 - 169171. Is b composite?
False
Suppose -j - u + 2*u = 0, 0